s of w?
5, 1613
Suppose -7*x = -9*x + 4. Suppose -5*l = 3*r - 11, 3*l + x*r - 2 = 4. Suppose 0 = -l*d + 69 + 751. What are the prime factors of d?
5, 41
List the prime factors of (30/(-240) + 5230/112)*14.
2, 163
Let f(a) = 3*a - 13. Let t be f(-11). Let w = t + 53. Suppose w*v = 2*v + 60. What are the prime factors of v?
2, 3
Let x(k) = -335*k + 22. Let i(b) = -837*b + 54. Let t(o) = -5*i(o) + 12*x(o). List the prime factors of t(4).
2, 3, 109
Let n(s) = 83*s + 4. Let a be n(2). Let o = -152 + a. What are the prime factors of o?
2, 3
What are the prime factors of (1124/5)/((35/200)/(105/30))?
2, 281
Suppose 27*x = -4316 + 22190. Suppose 4*w - 1934 - 736 = -3*c, -x = -w + 2*c. What are the prime factors of w?
2, 3, 37
Suppose -3*n + 20414 = 3*c - 88477, -2*n + 72490 = 15*c. List the prime factors of n.
5, 53, 137
Suppose -6*d = -15 - 9. Suppose 8*o = d*o. Suppose 5*t = -o*r - 5*r + 10, 6 = 3*t - 4*r. What are the prime factors of t?
2
Suppose 4*n = 4*o + 12, 10 = -4*o + 5*n - 0*n. Let v be o/10 + (-61)/(-2). Suppose x - 79 - v = 0. List the prime factors of x.
109
Let d(g) = -g**2 - 8*g + 3. Suppose 5*k + 25 = -0. Let i be d(k). Suppose 56 = 2*j + i. What are the prime factors of j?
19
Suppose -2*z - 2 = 0, -2*z = f - 432 - 418. List the prime factors of f.
2, 3, 71
Let d be 2 - (-1 - -8) - -2. Let s be 4 + d*32/(-4). Suppose -a = -22 - s. What are the prime factors of a?
2, 5
Let y(m) be the first derivative of -15*m**2/2 - 15*m + 53. List the prime factors of y(-10).
3, 5
Suppose -3*t = 4*x + 210, 0*x + 3*x + 70 = -t. Let g be t/(-15)*15/(-2). List the prime factors of 1*((-32)/(-10) - 4)*g.
2, 7
Suppose -o = 4*i - 17, 5*i = 3*o - 108 + 6. Suppose 12*b + 11135 = o*b. What are the prime factors of b?
5, 131
Let i = 29 + -26. Suppose 1374 = 3*w + i*s, -w + 205 + 269 = 5*s. List the prime factors of w.
2, 227
Let l = -143 + 142. Let k(j) = -369*j**3 - 4*j**2 - 6*j - 2. What are the prime factors of k(l)?
3, 41
Suppose 231 = -8*c + 231. Suppose 3*x + 9 = c, 2*z - x - 10 = 3785. What are the prime factors of z?
2, 3, 79
Suppose -4875 = 23*f + 6832. Let s = 561 - f. What are the prime factors of s?
2, 5, 107
Let v be 2/((-122)/(-189) - 8/14). Suppose 5*s = -3*x + 1268, -x = -2*s - 403 - v. List the prime factors of x.
2, 3, 71
Let s(x) = 60*x - 31*x + 87*x - 7. Let q be s(3). Suppose 4*t - q = -41. List the prime factors of t.
3, 5
Suppose 946*h - 254853 = -5*u + 950*h, -u - h + 50967 = 0. What are the prime factors of u?
50969
Let k = 819 + 17474. What are the prime factors of k?
11, 1663
Let c = 6 + -6. Suppose c = -23*o + 19*o. Suppose o = 8*j - 9*j + 97. What are the prime factors of j?
97
Suppose -168 = -18*z + 22*z. Let f = -87 - z. Let n = -11 - f. List the prime factors of n.
2, 17
Let r = -6497 - -6778. What are the prime factors of r?
281
Let b = -26973 - -46490. What are the prime factors of b?
29, 673
Let c(k) be the second derivative of -197*k**3/6 + 107*k**2 - 28*k - 1. What are the prime factors of c(-7)?
3, 59
Let c(r) = 3*r**3 - 6*r - 2. Let f be c(3). Let g(j) = -3*j - 15. Let v be g(-5). Let k = v + f. What are the prime factors of k?
61
Suppose -5*q - 68 = -3*m, -3*m + 64 = 2*q - 3*q. Let i be (-4)/(-3)*m/14. Suppose -i*h = d - 556, 2*d - 1400 = -5*h - 3*d. List the prime factors of h.
2, 3, 23
Let k = -341 + 209. Let d = k + 143. What are the prime factors of d?
11
Suppose -4*v + 3*m = -24 + 5, 3*m - 13 = -4*v. Suppose -2*t + 2 = -v. Suppose -5*d + 157 + 140 = -p, -5*d - t*p + 309 = 0. What are the prime factors of d?
2, 3, 5
Let q = 72 + -68. Suppose -r + 5*i = -5, q*r + 0*r + 5*i = 20. Suppose d = -r*v + 225 + 259, 96 = v + d. What are the prime factors of v?
97
Let i(c) = c**2 - 26*c + 186. Let h be i(7). Suppose -t + h + 1032 = 0. What are the prime factors of t?
5, 7, 31
Let m = 116 - 115. Let d(g) = 3*g**3 + 4*g**2 - 3*g - 1. Let a be d(m). List the prime factors of 149/a + 8/24.
2, 5
Let a be 2164/(-32) - (-66)/(-176). Let h(b) = 8*b + 6. Let w be h(-6). Let k = w - a. List the prime factors of k.
2, 13
Let u(w) = 0*w**2 + w**2 - 7*w + 2 + 4*w. Let v be u(2). Suppose 4*y = 3*n - 455, 2*n - 294 = -2*y - v*y. What are the prime factors of n?
149
Let g be -8*-1*5/10. Suppose -3*a = -2*w - 2*a - 18, g*a - 37 = 3*w. What are the prime factors of 4*(2 - 1 - w)?
2
Let p be 20/(0 - (-12)/6). Suppose -p*w + 12*w - 1304 = 0. What are the prime factors of w?
2, 163
Let q(p) = 29*p - 19. Suppose 0 = 99*c - 95*c - 136. List the prime factors of q(c).
967
Let q = -46 - -195. Suppose q = 5*s - 241. What are the prime factors of 5 + s + 9/3?
2, 43
Suppose -3*f = 2*r - 124, 4*r + 0*f = -3*f + 254. Suppose 0*b - r = -3*p + b, -2*p + 3*b + 41 = 0. Let z = p + -3. List the prime factors of z.
19
Let i(b) be the second derivative of -26*b**3/3 - 8*b**2 + 109*b. List the prime factors of i(-11).
2, 139
What are the prime factors of (-10 + 10 - 4) + 3798?
2, 7, 271
Suppose 3527 = -4*q + 24431. List the prime factors of q.
2, 3, 13, 67
Let y(k) = -6*k**3 - 6*k - 8. Let t be y(-2). Let b = t - 48. Suppose -x - 3*n + 7 + 10 = 0, -3*x + b*n = -25. What are the prime factors of x?
11
Let f(o) = o**3 - 4*o + 5. Let j be f(2). Let b be (-598)/1 - ((-10)/j - 1). Let w = -407 - b. What are the prime factors of w?
2, 47
Let h be (56/(-12) + 5)*(0 + -12). List the prime factors of ((-894)/h)/((-3)/(-2)).
149
Suppose 4*j + 57350 = 40*j - 40858. What are the prime factors of j?
2, 11, 31
Suppose 0 = 68*y - 337*y + 4799128 + 2779140. List the prime factors of y.
2, 7043
Let g = 309 - 155. Suppose -41*y + 635 - 5104 = 0. Let a = y + g. List the prime factors of a.
3, 5
Let j(u) = 16*u**2 - 28*u + 16. Suppose 0 = -4*n - 3*h - 13, -26 = 7*n - 4*n - h. List the prime factors of j(n).
2, 3, 83
Suppose 0 = -4*n + 3*p + 207740, 128*p - 130*p = -2*n + 103870. List the prime factors of n.
5, 13, 17, 47
Let l(t) = 32 + 32 - 1101*t + 971*t. List the prime factors of l(-9).
2, 617
Suppose -13*a - 52*a + 6*a + 21712 = 0. List the prime factors of a.
2, 23
Let n(d) = -1088*d - 289. What are the prime factors of n(-4)?
17, 239
Suppose 2*g = 2*m, -g = -4*g - 4*m + 14. Suppose -4*q + p = q - 1152, g*q - p - 459 = 0. List the prime factors of q.
3, 7, 11
Let h(w) = -4*w**3 - 32*w**2 - 58*w - 9. List the prime factors of h(-17).
19, 599
Suppose 245 = 2*h - 5*a, h - 3*a - 38 = 84. Let b = h + -209. Let o = -40 - b. What are the prime factors of o?
2, 11
Let y = 3 + -1. Suppose -3*m + 2*z - 298 = 0, z - 58 = y*m + 140. Let s = m - -190. List the prime factors of s.
2, 23
Let u be (19 - -2) + -8 + 9. Let z = -218 + u. Let c = 359 + z. What are the prime factors of c?
163
Let a(g) = -g**3 + 19*g**2 - 20*g + 8. Let p be a(18). Let b = p + 46. Suppose q + v = 45, -3 = -3*v - b. What are the prime factors of q?
2, 5
Let x(v) = v**2 - 40*v - 488. Let i be x(52). Let r be -5*(-1 + -1 + 1). Suppose 2*d = -r*t + i, -5*d + 229 + 153 = 2*t. What are the prime factors of d?
2, 3, 13
Let s(h) = -11*h**3 + h**2 - h. Let u be s(1). Let j be 4/(-38) - 7320/(-228). Let x = j - u. What are the prime factors of x?
43
Suppose -8*d - 3523 = -64491. What are the prime factors of d?
7621
Suppose -5*a - 3*r = 135, 20 = r - 5*r. Let y = a + -50. Let h = 32 - y. List the prime factors of h.
2, 53
Let p be 4*55/132 - 1340/(-15). Suppose 0 = -d + 4, -102 + 16 = 2*k + 2*d. Let l = k + p. What are the prime factors of l?
2, 11
Let n(v) = -v**3 - 18*v**2 + 18*v - 18. Let i be n(-19). Let m be i - (3 + 4 + -3). Let t = 19 + m. List the prime factors of t.
2
Suppose -119*u + 70315 = -452571. List the prime factors of u.
2, 13
Let o = 1555 + 1255. Suppose 8*r - 3*r = o. Suppose r = 3*k + h, -5*h + 4*h = -2*k + 373. List the prime factors of k.
11, 17
Let k(h) = 5*h**3 - 12*h**2 - 16*h - 22. What are the prime factors of k(18)?
2, 7, 1783
Let q(o) = -2*o**3 + 18*o**2 - 9*o - 18. Let k be q(8). Suppose -k*u + 2*i - 1378 = -41*u, -1381 = -3*u + i. What are the prime factors of u?
2, 5, 23
Let r be (-2 - (-249)/6)/(2/4). Let p = r + -14. What are the prime factors of p?
5, 13
Suppose 42*x - 2084 = 40*x. Suppose 6*p - x = 1352. List the prime factors of p.
3, 7, 19
Let q be (18/6 - 6) + 6186/2. Suppose -q = 13*g - 3*g. Let s = -150 - g. What are the prime factors of s?
3, 53
Suppose 35*x - 28*x - 42*x + 842240